[INFO] fetching crate sway-lsp 0.39.1...
[INFO] checking sway-lsp-0.39.1 against master#9610dfe5a9a731ced1ea4923ecbd0c57fe367898 for beta-170-4
[INFO] extracting crate sway-lsp 0.39.1 into /workspace/builds/worker-6-tc1/source
[INFO] validating manifest of crates.io crate sway-lsp 0.39.1 on toolchain 9610dfe5a9a731ced1ea4923ecbd0c57fe367898
[INFO] running `Command { std: CARGO_HOME="/workspace/cargo-home" RUSTUP_HOME="/workspace/rustup-home" "/workspace/cargo-home/bin/cargo" "+9610dfe5a9a731ced1ea4923ecbd0c57fe367898" "metadata" "--manifest-path" "Cargo.toml" "--no-deps", kill_on_drop: false }`
[INFO] started tweaking crates.io crate sway-lsp 0.39.1
[INFO] finished tweaking crates.io crate sway-lsp 0.39.1
[INFO] tweaked toml for crates.io crate sway-lsp 0.39.1 written to /workspace/builds/worker-6-tc1/source/Cargo.toml
[INFO] running `Command { std: CARGO_HOME="/workspace/cargo-home" RUSTUP_HOME="/workspace/rustup-home" __CARGO_TEST_CHANNEL_OVERRIDE_DO_NOT_USE_THIS="nightly" "/workspace/cargo-home/bin/cargo" "+9610dfe5a9a731ced1ea4923ecbd0c57fe367898" "generate-lockfile" "--manifest-path" "Cargo.toml" "-Zno-index-update", kill_on_drop: false }`
[INFO] running `Command { std: CARGO_HOME="/workspace/cargo-home" RUSTUP_HOME="/workspace/rustup-home" "/workspace/cargo-home/bin/cargo" "+9610dfe5a9a731ced1ea4923ecbd0c57fe367898" "fetch" "--manifest-path" "Cargo.toml", kill_on_drop: false }`
[INFO] [stderr]  Downloading crates ...
[INFO] [stderr]   Downloaded generational-arena v0.2.9
[INFO] [stderr]   Downloaded lsp-types v0.93.2
[INFO] [stderr]   Downloaded tower-lsp v0.18.0
[INFO] [stderr]   Downloaded tower-lsp-macros v0.7.0
[INFO] [stderr]   Downloaded openssl-src v111.26.0+1.1.1u
[INFO] running `Command { std: "docker" "create" "-v" "/var/lib/crater-agent-workspace/builds/worker-6-tc1/target:/opt/rustwide/target:rw,Z" "-v" "/var/lib/crater-agent-workspace/builds/worker-6-tc1/source:/opt/rustwide/workdir:ro,Z" "-v" "/var/lib/crater-agent-workspace/cargo-home:/opt/rustwide/cargo-home:ro,Z" "-v" "/var/lib/crater-agent-workspace/rustup-home:/opt/rustwide/rustup-home:ro,Z" "-e" "SOURCE_DIR=/opt/rustwide/workdir" "-e" "CARGO_TARGET_DIR=/opt/rustwide/target" "-e" "CARGO_HOME=/opt/rustwide/cargo-home" "-e" "RUSTUP_HOME=/opt/rustwide/rustup-home" "-w" "/opt/rustwide/workdir" "-m" "1610612736" "--user" "0:0" "--network" "none" "ghcr.io/rust-lang/crates-build-env/linux@sha256:19e73879b68f455e41552ea35293514db52ea292d993f571636dbffedb77a1ee" "/opt/rustwide/cargo-home/bin/cargo" "+9610dfe5a9a731ced1ea4923ecbd0c57fe367898" "metadata" "--no-deps" "--format-version=1", kill_on_drop: false }`
[INFO] [stdout] 10230e66f87c9223b0fcae97ae33d2c162610ee37672f211e6f7f4861efc7836
[INFO] running `Command { std: "docker" "start" "-a" "10230e66f87c9223b0fcae97ae33d2c162610ee37672f211e6f7f4861efc7836", kill_on_drop: false }`
[INFO] running `Command { std: "docker" "inspect" "10230e66f87c9223b0fcae97ae33d2c162610ee37672f211e6f7f4861efc7836", kill_on_drop: false }`
[INFO] running `Command { std: "docker" "rm" "-f" "10230e66f87c9223b0fcae97ae33d2c162610ee37672f211e6f7f4861efc7836", kill_on_drop: false }`
[INFO] [stdout] 10230e66f87c9223b0fcae97ae33d2c162610ee37672f211e6f7f4861efc7836
[INFO] running `Command { std: "docker" "create" "-v" "/var/lib/crater-agent-workspace/builds/worker-6-tc1/target:/opt/rustwide/target:rw,Z" "-v" "/var/lib/crater-agent-workspace/builds/worker-6-tc1/source:/opt/rustwide/workdir:ro,Z" "-v" "/var/lib/crater-agent-workspace/cargo-home:/opt/rustwide/cargo-home:ro,Z" "-v" "/var/lib/crater-agent-workspace/rustup-home:/opt/rustwide/rustup-home:ro,Z" "-e" "SOURCE_DIR=/opt/rustwide/workdir" "-e" "CARGO_TARGET_DIR=/opt/rustwide/target" "-e" "CARGO_INCREMENTAL=0" "-e" "RUST_BACKTRACE=full" "-e" "RUSTFLAGS=--cap-lints=forbid" "-e" "RUSTDOCFLAGS=--cap-lints=forbid" "-e" "CARGO_HOME=/opt/rustwide/cargo-home" "-e" "RUSTUP_HOME=/opt/rustwide/rustup-home" "-w" "/opt/rustwide/workdir" "-m" "1610612736" "--user" "0:0" "--network" "none" "ghcr.io/rust-lang/crates-build-env/linux@sha256:19e73879b68f455e41552ea35293514db52ea292d993f571636dbffedb77a1ee" "/opt/rustwide/cargo-home/bin/cargo" "+9610dfe5a9a731ced1ea4923ecbd0c57fe367898" "check" "--frozen" "--all" "--all-targets" "--message-format=json", kill_on_drop: false }`
[INFO] [stdout] ffad715e32f3e8a52ad0fcbb7244ad9a5fb2388a7ad90b5a4d217e61ecbc1f51
[INFO] running `Command { std: "docker" "start" "-a" "ffad715e32f3e8a52ad0fcbb7244ad9a5fb2388a7ad90b5a4d217e61ecbc1f51", kill_on_drop: false }`
[INFO] [stderr]    Compiling proc-macro2 v1.0.59
[INFO] [stderr]    Compiling libc v0.2.144
[INFO] [stderr]    Compiling quote v1.0.28
[INFO] [stderr]    Compiling typenum v1.16.0
[INFO] [stderr]    Compiling serde v1.0.163
[INFO] [stderr]    Compiling generic-array v0.14.7
[INFO] [stderr]     Checking subtle v2.5.0
[INFO] [stderr]    Compiling syn v1.0.109
[INFO] [stderr]    Compiling thiserror v1.0.40
[INFO] [stderr]     Checking hex v0.4.3
[INFO] [stderr]     Checking once_cell v1.17.2
[INFO] [stderr]     Checking byteorder v1.4.3
[INFO] [stderr]    Compiling num-traits v0.2.15
[INFO] [stderr]     Checking base64ct v1.6.0
[INFO] [stderr]    Compiling num-integer v0.1.45
[INFO] [stderr]    Compiling syn v2.0.18
[INFO] [stderr]    Compiling jobserver v0.1.26
[INFO] [stderr]     Checking const-oid v0.9.2
[INFO] [stderr]     Checking keccak v0.1.4
[INFO] [stderr]    Compiling cc v1.0.79
[INFO] [stderr]     Checking cpufeatures v0.2.7
[INFO] [stderr]     Checking byte-tools v0.3.1
[INFO] [stderr]    Compiling serde_json v1.0.96
[INFO] [stderr]     Checking block-padding v0.1.5
[INFO] [stderr]     Checking base16ct v0.1.1
[INFO] [stderr]     Checking fake-simd v0.1.2
[INFO] [stderr]     Checking opaque-debug v0.2.3
[INFO] [stderr]     Checking base58 v0.1.0
[INFO] [stderr]    Compiling ahash v0.8.3
[INFO] [stderr]    Compiling log v0.4.18
[INFO] [stderr]     Checking generic-array v0.12.4
[INFO] [stderr]     Checking base64 v0.12.3
[INFO] [stderr]     Checking getrandom v0.2.9
[INFO] [stderr]     Checking digest v0.8.1
[INFO] [stderr]     Checking block-buffer v0.7.3
[INFO] [stderr]     Checking either v1.8.1
[INFO] [stderr]     Checking rand_core v0.6.4
[INFO] [stderr]     Checking sha2 v0.8.2
[INFO] [stderr]     Checking bech32 v0.7.3
[INFO] [stderr]     Checking rand_chacha v0.3.1
[INFO] [stderr]     Checking ff v0.12.1
[INFO] [stderr]     Checking block-buffer v0.10.4
[INFO] [stderr]     Checking crypto-common v0.1.6
[INFO] [stderr]     Checking base58check v0.1.0
[INFO] [stderr]     Checking group v0.12.1
[INFO] [stderr]     Checking digest v0.10.7
[INFO] [stderr]     Checking password-hash v0.4.2
[INFO] [stderr]     Checking rand v0.8.5
[INFO] [stderr]     Checking radium v0.3.0
[INFO] [stderr]    Compiling secp256k1-sys v0.6.1
[INFO] [stderr]     Checking sha3 v0.10.8
[INFO] [stderr]     Checking sha2 v0.10.6
[INFO] [stderr]     Checking hmac v0.12.1
[INFO] [stderr]     Checking signature v1.6.4
[INFO] [stderr]     Checking ripemd v0.1.3
[INFO] [stderr]     Checking blake2 v0.10.6
[INFO] [stderr]     Checking bs58 v0.4.0
[INFO] [stderr]     Checking bitvec v0.17.4
[INFO] [stderr]     Checking pbkdf2 v0.11.0
[INFO] [stderr]     Checking hashbrown v0.13.2
[INFO] [stderr]    Compiling cfg-if v1.0.0
[INFO] [stderr]     Checking borrown v0.1.0
[INFO] [stderr]    Compiling crunchy v0.2.2
[INFO] [stderr]     Checking fuel-storage v0.26.3
[INFO] [stderr]     Checking itertools v0.10.5
[INFO] [stderr]     Checking tracing-core v0.1.31
[INFO] [stderr]    Compiling indexmap v1.9.3
[INFO] [stderr]    Compiling num-bigint v0.4.3
[INFO] [stderr]     Checking rustc-hex v2.1.0
[INFO] [stderr]    Compiling backtrace v0.3.67
[INFO] [stderr]     Checking aho-corasick v1.0.1
[INFO] [stderr]     Checking regex-syntax v0.7.2
[INFO] [stderr]    Compiling hashbrown v0.12.3
[INFO] [stderr]    Compiling ppv-lite86 v0.2.17
[INFO] [stderr]    Compiling doc-comment v0.3.3
[INFO] [stderr]    Compiling ucd-trie v0.1.5
[INFO] [stderr]     Checking gimli v0.27.2
[INFO] [stderr]     Checking adler v1.0.2
[INFO] [stderr]     Checking miniz_oxide v0.6.2
[INFO] [stderr]    Compiling proc-macro-error-attr v1.0.4
[INFO] [stderr]     Checking rlp v0.5.2
[INFO] [stderr]    Compiling openssl-src v111.26.0+1.1.1u
[INFO] [stderr]     Checking object v0.30.3
[INFO] [stderr]     Checking rustc-demangle v0.1.23
[INFO] [stderr]    Compiling proc-macro-hack v0.5.20+deprecated
[INFO] [stderr]    Compiling tiny-keccak v2.0.2
[INFO] [stderr]     Checking alloc-no-stdlib v2.0.4
[INFO] [stderr]    Compiling siphasher v0.3.10
[INFO] [stderr]     Checking regex v1.8.3
[INFO] [stderr]    Compiling phf_shared v0.10.0
[INFO] [stderr]     Checking alloc-stdlib v0.2.2
[INFO] [stderr]    Compiling proc-macro-error v1.0.4
[INFO] [stderr]    Compiling openssl-sys v0.9.88
[INFO] [stderr]     Checking impl-rlp v0.3.0
[INFO] [stderr]     Checking fixed-hash v0.8.0
[INFO] [stderr]    Compiling libz-sys v1.1.9
[INFO] [stderr]     Checking addr2line v0.19.0
[INFO] [stderr]    Compiling blake3 v1.3.3
[INFO] [stderr]     Checking unicode-ident v1.0.9
[INFO] [stderr]    Compiling rustversion v1.0.12
[INFO] [stderr]     Checking brotli-decompressor v2.3.4
[INFO] [stderr]    Compiling phf_generator v0.10.0
[INFO] [stderr]     Checking uint v0.9.5
[INFO] [stderr]     Checking arrayvec v0.7.2
[INFO] [stderr]     Checking winter-utils v0.4.2
[INFO] [stderr]    Compiling serde_derive v1.0.163
[INFO] [stderr]    Compiling thiserror-impl v1.0.40
[INFO] [stderr]    Compiling zeroize_derive v1.4.2
[INFO] [stderr]    Compiling tracing-attributes v0.1.24
[INFO] [stderr]    Compiling enum-ordinalize v3.1.13
[INFO] [stderr]    Compiling derivative v2.2.0
[INFO] [stderr]    Compiling snafu-derive v0.7.4
[INFO] [stderr]     Checking zeroize v1.6.0
[INFO] [stderr]    Compiling educe v0.4.22
[INFO] [stderr]     Checking der v0.6.1
[INFO] [stderr]     Checking crypto-bigint v0.4.9
[INFO] [stderr]     Checking spki v0.6.0
[INFO] [stderr]     Checking pkcs8 v0.9.0
[INFO] [stderr]     Checking sec1 v0.3.0
[INFO] [stderr]     Checking fuel-merkle v0.26.3
[INFO] [stderr]    Compiling pest v2.6.0
[INFO] [stderr]     Checking tracing v0.1.37
[INFO] [stderr]     Checking rfc6979 v0.3.1
[INFO] [stderr]     Checking elliptic-curve v0.12.3
[INFO] [stderr]    Compiling extension-trait v1.0.2
[INFO] [stderr]     Checking ecdsa v0.14.8
[INFO] [stderr]     Checking regex-syntax v0.6.29
[INFO] [stderr]     Checking k256 v0.11.6
[INFO] [stderr]    Compiling peg-runtime v0.7.0
[INFO] [stderr]     Checking snafu v0.7.4
[INFO] [stderr]    Compiling pest_meta v2.6.0
[INFO] [stderr]     Checking constant_time_eq v0.2.5
[INFO] [stderr]     Checking arrayref v0.3.7
[INFO] [stderr]    Compiling anyhow v1.0.71
[INFO] [stderr]    Compiling peg-macros v0.7.0
[INFO] [stderr]    Compiling phf_macros v0.10.0
[INFO] [stderr]    Compiling pest_generator v2.6.0
[INFO] [stderr]     Checking regex-automata v0.1.10
[INFO] [stderr]     Checking brotli v3.3.4
[INFO] [stderr]     Checking winter-math v0.4.2
[INFO] [stderr]    Compiling libssh2-sys v0.2.23
[INFO] [stderr]     Checking dirs-sys v0.3.7
[INFO] [stderr]    Compiling pest_derive v2.6.0
[INFO] [stderr]     Checking bitmaps v2.1.0
[INFO] [stderr]    Compiling im v15.1.0
[INFO] [stderr]     Checking os_str_bytes v6.5.0
[INFO] [stderr]    Compiling io-lifetimes v1.0.11
[INFO] [stderr]     Checking overload v0.1.1
[INFO] [stderr]     Checking nu-ansi-term v0.46.0
[INFO] [stderr]     Checking peg v0.7.0
[INFO] [stderr]     Checking clap_lex v0.2.4
[INFO] [stderr]    Compiling strum_macros v0.24.3
[INFO] [stderr]     Checking matchers v0.1.0
[INFO] [stderr]     Checking sized-chunks v0.6.5
[INFO] [stderr]    Compiling sway-ir-macros v0.39.1
[INFO] [stderr]     Checking phf v0.10.1
[INFO] [stderr]    Compiling strum_macros v0.21.1
[INFO] [stderr]     Checking filecheck v0.5.0
[INFO] [stderr]     Checking bincode v1.3.3
[INFO] [stderr]     Checking coins-core v0.7.0
[INFO] [stderr]     Checking fuel-types v0.26.3
[INFO] [stderr]    Compiling toml v0.5.11
[INFO] [stderr]     Checking coins-bip32 v0.7.0
[INFO] [stderr]     Checking fuel-asm v0.26.3
[INFO] [stderr]     Checking coins-bip39 v0.7.0
[INFO] [stderr]     Checking impl-serde v0.4.0
[INFO] [stderr]     Checking ethbloom v0.13.0
[INFO] [stderr]     Checking primitive-types v0.12.1
[INFO] [stderr]     Checking fuel-etk-4byte v0.3.1-dev
[INFO] [stderr]     Checking tracing-serde v0.1.3
[INFO] [stderr]     Checking url v2.3.1
[INFO] [stderr]    Compiling clap_derive v3.2.25
[INFO] [stderr]     Checking tracing-log v0.1.3
[INFO] [stderr]     Checking mio v0.8.8
[INFO] [stderr]     Checking block-buffer v0.9.0
[INFO] [stderr]     Checking digest v0.9.0
[INFO] [stderr]     Checking rand_xoshiro v0.6.0
[INFO] [stderr]     Checking atty v0.2.14
[INFO] [stderr]     Checking sharded-slab v0.1.4
[INFO] [stderr]     Checking thread_local v1.1.7
[INFO] [stderr]    Compiling fuel-etk-ops v0.3.1-dev
[INFO] [stderr]     Checking generational-arena v0.2.9
[INFO] [stderr]     Checking fixedbitset v0.4.2
[INFO] [stderr]     Checking ethereum-types v0.14.1
[INFO] [stderr]     Checking rustc-hash v1.1.0
[INFO] [stderr]     Checking textwrap v0.16.0
[INFO] [stderr]     Checking tai64 v4.0.0
[INFO] [stderr]     Checking sway-utils v0.39.1
[INFO] [stderr]    Compiling rustix v0.37.19
[INFO] [stderr]     Checking unicode-xid v0.2.4
[INFO] [stderr]     Checking downcast-rs v1.2.0
[INFO] [stderr]     Checking opaque-debug v0.3.0
[INFO] [stderr]    Compiling crossbeam-utils v0.8.15
[INFO] [stderr]     Checking sha2 v0.9.9
[INFO] [stderr]     Checking tracing-subscriber v0.3.17
[INFO] [stderr]     Checking fuel-ethabi v18.0.0
[INFO] [stderr]     Checking petgraph v0.6.3
[INFO] [stderr]     Checking strum v0.24.1
[INFO] [stderr]     Checking fuel-abi-types v0.1.0
[INFO] [stderr]     Checking futures-channel v0.3.28
[INFO] [stderr]     Checking dirs v3.0.2
[INFO] [stderr]    Compiling futures-macro v0.3.28
[INFO] [stderr]    Compiling libgit2-sys v0.14.2+1.5.1
[INFO] [stderr]    Compiling tokio v1.28.2
[INFO] [stderr]     Checking linux-raw-sys v0.3.8
[INFO] [stderr]     Checking yansi-term v0.1.2
[INFO] [stderr]     Checking vec1 v1.10.1
[INFO] [stderr]     Checking annotate-snippets v0.9.1
[INFO] [stderr]     Checking forc-tracing v0.39.1
[INFO] [stderr]     Checking clap v3.2.25
[INFO] [stderr]     Checking parking_lot_core v0.9.7
[INFO] [stderr]     Checking bstr v1.5.0
[INFO] [stderr]     Checking gix-hash v0.10.4
[INFO] [stderr]    Compiling pin-project-internal v1.1.0
[INFO] [stderr]     Checking futures-util v0.3.28
[INFO] [stderr]    Compiling tokio-macros v2.1.0
[INFO] [stderr]     Checking inotify-sys v0.1.5
[INFO] [stderr]     Checking num_cpus v1.15.0
[INFO] [stderr]     Checking socket2 v0.4.9
[INFO] [stderr]    Compiling semver v1.0.17
[INFO] [stderr]     Checking inotify v0.9.6
[INFO] [stderr]     Checking gix-path v0.7.3
[INFO] [stderr]     Checking gix-features v0.28.1
[INFO] [stderr]     Checking crossbeam-channel v0.5.8
[INFO] [stderr]     Checking serde_ignored v0.1.7
[INFO] [stderr]     Checking pin-project v1.1.0
[INFO] [stderr]    Compiling serde_repr v0.1.12
[INFO] [stderr]     Checking filetime v0.2.21
[INFO] [stderr]     Checking str_indices v0.4.1
[INFO] [stderr]     Checking home v0.5.5
[INFO] [stderr]     Checking tower-layer v0.3.2
[INFO] [stderr]     Checking gix-url v0.16.0
[INFO] [stderr]     Checking ropey v1.6.0
[INFO] [stderr]     Checking notify v5.2.0
[INFO] [stderr]     Checking lsp-types v0.93.2
[INFO] [stderr]     Checking fd-lock v3.0.12
[INFO] [stderr]    Compiling async-trait v0.1.68
[INFO] [stderr]     Checking dashmap v5.4.0
[INFO] [stderr]     Checking futures v0.3.28
[INFO] [stderr]     Checking tower v0.4.13
[INFO] [stderr]    Compiling tower-lsp-macros v0.7.0
[INFO] [stderr]    Compiling auto_impl v1.1.0
[INFO] [stderr]     Checking toml_datetime v0.6.2
[INFO] [stderr]     Checking fastrand v1.9.0
[INFO] [stderr]     Checking winnow v0.4.6
[INFO] [stderr]     Checking tempfile v3.5.0
[INFO] [stderr]     Checking fuel-etk-asm v0.3.1-dev
[INFO] [stderr]     Checking notify-debouncer-mini v0.2.1
[INFO] [stderr]     Checking parking_lot v0.12.1
[INFO] [stderr]     Checking tokio-util v0.7.8
[INFO] [stderr]     Checking urlencoding v2.1.2
[INFO] [stderr]     Checking assert-json-diff v2.0.2
[INFO] [stderr]     Checking dirs v4.0.0
[INFO] [stderr]     Checking fuel-etk-dasm v0.3.1-dev
[INFO] [stderr]     Checking toml_edit v0.19.10
[INFO] [stderr]     Checking winter-crypto v0.4.2
[INFO] [stderr]     Checking miden-core v0.3.0
[INFO] [stderr]     Checking secp256k1 v0.24.3
[INFO] [stderr]     Checking fuel-crypto v0.26.3
[INFO] [stderr]     Checking fuel-tx v0.26.3
[INFO] [stderr]     Checking tower-lsp v0.18.0
[INFO] [stderr]     Checking sway-types v0.39.1
[INFO] [stderr]     Checking fuel-vm v0.26.3
[INFO] [stderr]     Checking sway-ast v0.39.1
[INFO] [stderr]     Checking sway-ir v0.39.1
[INFO] [stderr]     Checking sway-error v0.39.1
[INFO] [stderr]     Checking sway-parse v0.39.1
[INFO] [stderr]     Checking sway-core v0.39.1
[INFO] [stderr]     Checking forc-util v0.39.1
[INFO] [stderr]     Checking swayfmt v0.39.1
[INFO] [stderr]     Checking git2 v0.16.1
[INFO] [stderr]     Checking forc-pkg v0.39.1
[INFO] [stderr]     Checking sway-lsp v0.39.1 (/opt/rustwide/workdir)
[INFO] [stdout] error[E0432]: unresolved import `sway_lsp_test_utils`
[INFO] [stdout]    --> src/capabilities/on_enter.rs:102:9
[INFO] [stdout]     |
[INFO] [stdout] 102 |     use sway_lsp_test_utils::get_absolute_path;
[INFO] [stdout]     |         ^^^^^^^^^^^^^^^^^^^ use of undeclared crate or module `sway_lsp_test_utils`
[INFO] [stdout] 
[INFO] [stdout] 
[INFO] [stdout] error[E0432]: unresolved import `sway_lsp_test_utils`
[INFO] [stdout]    --> src/core/document.rs:117:9
[INFO] [stdout]     |
[INFO] [stdout] 117 |     use sway_lsp_test_utils::get_absolute_path;
[INFO] [stdout]     |         ^^^^^^^^^^^^^^^^^^^ use of undeclared crate or module `sway_lsp_test_utils`
[INFO] [stdout] 
[INFO] [stdout] 
[INFO] [stdout] error[E0432]: unresolved import `sway_lsp_test_utils`
[INFO] [stdout]    --> src/core/session.rs:548:9
[INFO] [stdout]     |
[INFO] [stdout] 548 |     use sway_lsp_test_utils::{get_absolute_path, get_url};
[INFO] [stdout]     |         ^^^^^^^^^^^^^^^^^^^ use of undeclared crate or module `sway_lsp_test_utils`
[INFO] [stdout] 
[INFO] [stdout] 
[INFO] [stdout] error: aborting due to 3 previous errors
[INFO] [stdout] 
[INFO] [stdout] 
[INFO] [stdout] For more information about this error, try `rustc --explain E0432`.
[INFO] [stdout] 
[INFO] [stderr] error: could not compile `sway-lsp` (lib test) due to 4 previous errors
[INFO] [stderr] warning: build failed, waiting for other jobs to finish...
[INFO] running `Command { std: "docker" "inspect" "ffad715e32f3e8a52ad0fcbb7244ad9a5fb2388a7ad90b5a4d217e61ecbc1f51", kill_on_drop: false }`
[INFO] running `Command { std: "docker" "rm" "-f" "ffad715e32f3e8a52ad0fcbb7244ad9a5fb2388a7ad90b5a4d217e61ecbc1f51", kill_on_drop: false }`
[INFO] [stdout] ffad715e32f3e8a52ad0fcbb7244ad9a5fb2388a7ad90b5a4d217e61ecbc1f51
